*a - 3*v + 164 = 0. Suppose 6*w + 5*d = w + 90, 4*w - 84 = 2*d. What is the remainder when a is divided by w?
18
Let d(j) = j + 27. What is the remainder when d(-24) is divided by 2?
1
Suppose 0 = -2*v - 7 + 11. Suppose v + 24 = 2*d + 3*n, 3*d - 25 = -n. Calculate the remainder when (1 - -21) + (1 - 3) is divided by d.
6
Let f(z) = z**2 + 4*z - 5. Let o be f(-5). Suppose o = 2*a - 35 - 1. What is the remainder when a is divided by (-15)/((-8)/(-6)*18/(-16))?
8
Suppose -4 = -3*g + 26. Suppose -l + 10 = -g. Calculate the remainder when 58 is divided by l.
18
Suppose 0 = -5*g + 13 + 7. Let n(a) = a**3 - 5*a**2 + 5*a + 3. Suppose 2*d - 22 = -3*x + 18, 2*d - 5*x = 40. Calculate the remainder when d is divided by n(g).
6
Suppose 0 = 4*t + 12, -5*t + 2 = i + 11. Suppose 4*d = i*d + 246. What is the remainder when 22 is divided by d/(-15) + (-1)/5?
6
Let o(w) = 15*w - 3. Let c be o(2). Suppose -c = -5*g - 107. Let m = g + 26. What is the remainder when 28 is divided by m?
8
Let j(v) = v**3 + 7*v**2 + 4*v - 7. Let k be j(-6). Let a = -2 + k. Suppose -2*p + o + 0*o = -6, 3*p - 3 = a*o. Calculate the remainder when 9 is divided by p.
4
Let m be 1 + 1 + (-4 - 0). Let h be m - -1 - (2 + -3). Suppose h = 5*j - 4*j + 3*w - 4, -j - w + 10 = 0. Calculate the remainder when 37 is divided by j.
11
Let w(u) = 4*u. Let q be w(3). Let y = 14 + q. Calculate the remainder when 50 is divided by y.
24
Let m(f) = -2*f**3 - f**2 + 23*f - 6. Calculate the remainder when m(-5) is divided by 36.
32
Suppose 4*t + 4 = 0, 0 = -4*b - t + 159 + 304. Let o = -104 + 38. Let h = o + b. Calculate the remainder when h is divided by 13.
11
Suppose -33 = -0*t - 2*t + 3*d, -3*t + 5*d = -50. Suppose -2*a = -1 - 7. Calculate the remainder when t is divided by a.
3
Let s be 6/(((-1)/(-12))/1). Let t = s - 29. What is the remainder when t is divided by ((-42)/(-15))/((-5)/(-25)) - -1?
13
Let v = -12 + 26. Let i(g) = -19*g + 2. What is the remainder when i(-2) is divided by v?
12
Let g(p) = p**3 + p**2 - p + 4. Let l(q) = -q**3 - 5*q**2 + 7*q + 11. What is the remainder when l(-6) is divided by g(0)?
1
Suppose -k + 4*l = -78, 0*l = -4*k + l + 282. What is the remainder when k is divided by 15?
10
Calculate the remainder when 5 is divided by (-10)/(-35) + (-5)/((-35)/12).
1
Let t(a) = -a. Calculate the remainder when t(-3) is divided by ((-1)/(-2))/((-48)/(-32))*3.
0
Suppose -s - 10 = 21. Let i = -21 - s. Suppose 0*o + o - k - i = 0, -5*k = -o + 2. What is the remainder when 34 is divided by o?
10
Calculate the remainder when 52/(-78) - (-563)/3 is divided by 38.
35
Suppose 3*s - u - 2 = -0*s, 4 = u. Suppose 6 = -s*w + 3*w. Calculate the remainder when 11 is divided by w.
5
Suppose 56 = -2*h + 20. Suppose -4*z + 0 + 220 = -2*s, -3*s = -2*z + 334. Calculate the remainder when s/h - (-2)/(-9) is divided by 4.
2
Suppose d - 6 = -2*w - 4*d, 0 = -3*w + 3*d + 51. What is the remainder when w is divided by 4?
1
Suppose 6 = s - 8. Let f be -2 + -1*10*1. Let x = -7 - f. Calculate the remainder when s is divided by x.
4
Suppose 6*s = 2*s. Let x = 14 - s. Let r(y) = -4*y**3 + 3*y**2 + 2*y - 1. Calculate the remainder when r(-2) is divided by x.
11
Let q(r) = -r**3 - 7*r**2 - 8*r - 3. Calculate the remainder when 105 is divided by q(-6).
6
Let l = 7 - 3. Suppose h = 4*h - 18. What is the remainder when h is divided by l?
2
Let l(d) = -d + 4. Let w be l(4). What is the remainder when 0 + w - (-15 + 2) is divided by 7?
6
Let n(w) = -5*w**2 - 1. Let k(q) = -11*q**2 - q - 3. Let o(u) = 2*k(u) - 5*n(u). Calculate the remainder when 10 is divided by o(-1).
2
Suppose -4*p = -3*a - 25, 3*p - 6*a + 5*a - 25 = 0. What is the remainder when 37 is divided by p?
7
Let u(f) = -f**2 + 23*f + 10. What is the remainder when u(8) is divided by 44?
42
What is the remainder when 1*11*(-1 + 2) is divided by 7?
4
Let t(l) = -l**2 - 8*l - 3. Let r be (6/(-1))/(2 - 1). Calculate the remainder when 35 is divided by t(r).
8
Suppose -4*r - 64 = -3*x + 64, -r = 2*x - 78. Let f = x + -21. What is the remainder when 37 is divided by f?
18
Suppose 8*q - 3*q = -55. Let x be 2/(-5)*25*-3. Let h = q + x. What is the remainder when h is divided by 10?
9
Calculate the remainder when 4/(-16) + (-109)/(-4) is divided by 14.
13
Let k = 46 + -12. Calculate the remainder when k is divided by 12.
10
Let g(l) = -l. Let m be g(-9). Let t(u) = 5*u + 5. What is the remainder when t(m) is divided by 13?
11
Suppose -123 = -3*m + 3. What is the remainder when m is divided by 15?
12
What is the remainder when ((-578)/136)/(1/12*-1) is divided by 19?
13
Suppose -p - 15 = -o, -o = -6*p + 2*p - 30. Let l(d) be the second derivative of d**3/6 - 4*d**2 - 2*d. Calculate the remainder when 4 is divided by l(o).
0
Let k(g) = -3*g**2 + 1. Let n be (-4)/(-18) - 21/(-27). Let p be k(n). Let j(i) = -9*i + 2. What is the remainder when 58 is divided by j(p)?
18
Let a = 51 - -49. Let l = -69 + a. What is the remainder when l is divided by (19 - (3 + -3)) + -3?
15
Suppose 10*a - 2*g = 5*a + 157, -3*a + 4*g + 83 = 0. What is the remainder when 47 is divided by a?
14
Suppose -35 = -4*v - v. Suppose 3*h + 4 = 7. Suppose 14 = l + h. Calculate the remainder when l is divided by v.
6
Suppose -2*k + 5 + 9 = 0. Let l(m) be the first derivative of m**4/4 + 5*m**3/3 + m**2 - 4*m - 1. Calculate the remainder when k is divided by l(-4).
3
Let h = 33 - -2. Calculate the remainder when 69 is divided by h.
34
Suppose 3*n + 16 = -2. What is the remainder when (-3 - n)*33/9 is divided by 3?
2
Let u(q) = 2*q + 55. Calculate the remainder when 98 is divided by u(-23).
8
Suppose 0 = -3*p + 4*i + 6 - 0, p = 2*i + 2. Suppose 3*b - 3*z - 21 = 0, 37 = 3*b + p*b - 4*z. Let k = b - -3. What is the remainder when k is divided by 7?
5
Let l = -5 + 10. Let h(w) = -2*w**3 - 3*w**2 + w + 2. Let k be h(-4). Suppose -l*t + k = -67. Calculate the remainder when t is divided by 10.
9
Let l(y) = y**3 + y**2 + y - 10. Let f be l(0). Suppose 6 = 3*b - 0, 3*o = 3*b - 27. Let w = o - f. Calculate the remainder when 7 is divided by w.
1
Let p(t) = t - 6. Let b(d) = 43*d + 3. Let x be b(-3). Calculate the remainder when (-3)/5 - x/35 is divided by p(8).
1
Let r = 19 + -6. Let j = 26 - r. Suppose -3*u - 2*p + 4*p + 142 = 0, 3*u = -3*p + 162. Calculate the remainder when u is divided by j.
11
Suppose 5*k + 0*m - 1075 = m, -430 = -2*k + 2*m. Suppose -3*a + k = 2*a. What is the remainder when a is divided by 15?
13
Let z = -3 + 5. Suppose 0 = -d + z*d - 4. What is the remainder when 6 is divided by d?
2
Let u = -90 + 151. Calculate the remainder when u is divided by 9.
7
Let g = -106 + 46. Let s = -17 - g. What is the remainder when s is divided by 15?
13
Calculate the remainder when 67 + (2 + -1)/1 is divided by 35.
33
Let i(l) = 3 + l**2 - 3 + 0*l + 4*l. Let g be (1 - 2)*-5*-1. Calculate the remainder when 14 is divided by i(g).
4
Suppose -5*r - 3 + 103 = 0. Suppose 3*c - 22 = c. Calculate the remainder when r is divided by c.
9
Suppose -18 = 4*w - 2. Let f(y) = y**3 + 5*y**2 + 2*y - 3. Let d be f(w). Suppose -5 = k, -3*c = k - 2 - d. What is the remainder when 6 is divided by c?
2
Suppose 11*s = 9*s + 170. What is the remainder when s is divided by 29?
27
Let u = -10 - -26. Calculate the remainder when (-2)/(-8) + (-179)/(-4) is divided by u.
13
Let g = 30 - 10. Let s = 38 + -37. Let a = s + g. Calculate the remainder when 40 is divided by a.
19
Calculate the remainder when ((-38)/(-8))/(1/16) is divided by 26.
24
Suppose 2*c = 4*h + 18, -2*h = -3*c - 2*c + 5. Let a = c + 6. Let z(j) = j - 1. Calculate the remainder when z(9) is divided by a.
3
Let j(b) be the first derivative of b**4/2 - 2*b**3/3 - 5*b**2/2 + 4*b - 6. Calculate the remainder when j(4) is divided by 27.
26
Let i = -32 - -58. Suppose i = k - 9. Calculate the remainder when k is divided by 12.
11
Suppose 4*l = 13 + 3. Suppose -2*m + r - 3*r + 12 = 0, 31 = 5*m + 4*r. Calculate the remainder when m is divided by l.
3
Let d(p) = -4*p - 1 - 3 + p - 4. Calculate the remainder when 38 is divided by d(-7).
12
Suppose -7*t + 2*t + 335 = 0. Suppose -5*b + 3 = -t. Calculate the remainder when 39 is divided by b.
11
Let w be (-21)/(-9) + 1/(-3). Suppose 0 = w*n - 4*n + 8. Calculate the remainder when n is divided by 1 - -1 - (-3 - -3).
0
Calculate the